 be ((-6)/8)/(1/(-4)). Suppose -12 - b = -u*n - l, -4*l - 40 = -n. List the prime factors of n.
2
Let m = -43 + 45. List the prime factors of 134 + 0 + m + 2.
2, 3, 23
Let z(r) be the second derivative of 1/2*r**3 - 5*r + 0 + 1/5*r**5 - 3/2*r**2 - 1/12*r**4. What are the prime factors of z(2)?
31
Suppose 4*a = 181 - 605. Let m = a + 139. What are the prime factors of m?
3, 11
Let w(a) = -495*a - 162. List the prime factors of w(-5).
3, 257
Let i(f) = 5*f**3 + f**2 + 18*f - 38. Let o(d) = -2*d**3 - 6*d + 13. Let a(p) = -3*i(p) - 8*o(p). Suppose 15 = 2*v + v. What are the prime factors of a(v)?
2, 3, 5
Let g(j) = 3*j + 26. Let s be (-8 - -7)/(2/260). Let b be s/(-7) + 32/(-56). List the prime factors of g(b).
2, 5
Let v(l) = 93 + 7*l**2 - l**3 - 7*l**2. List the prime factors of v(0).
3, 31
Suppose -435*r - 7520 = -443*r. What are the prime factors of r?
2, 5, 47
Suppose 5*u = 44 + 1. Let r = -181 + 181. Let s = u + r. List the prime factors of s.
3
Let m(v) = v**3 - 12*v**2 + 15*v - 19. Let f(y) = -2*y**3 + 23*y**2 - 29*y + 39. Let c(w) = 2*f(w) + 5*m(w). What are the prime factors of c(13)?
5, 7
Let x = 131 - -297. List the prime factors of x.
2, 107
Suppose -14*i - 15*i = -12035. What are the prime factors of i?
5, 83
Let v be 2*(14/(-4) + 1). Let p(c) = -11*c - 23. Let d(h) = 8*h + 20. Let z(r) = 5*d(r) + 4*p(r). What are the prime factors of z(v)?
2, 7
Let n be 352/6 - 1/(-3). Let g be ((-24)/(-16))/(3/178). Let d = g - n. What are the prime factors of d?
2, 3, 5
Let k(d) = 9*d. Let v be k(11). Let y = -70 + v. What are the prime factors of y?
29
Let k(j) = -j**2 - 5*j - 4. Let z be 39/(-12) - (-1)/4. Let u be k(z). What are the prime factors of 0 + u + 19 + -3?
2, 3
Let g = 135 - -132. What are the prime factors of g?
3, 89
Suppose -8*s + 241 = 1185. Let f = s + 157. List the prime factors of f.
3, 13
Let m(i) = 3*i**2 + 17*i + 22. Let n be m(10). Let l = n + -348. What are the prime factors of l?
2, 3
List the prime factors of (64/(-3) - -1)*(-9)/3.
61
Suppose 0*a + 7302 = 5*a - 3*t, 0 = 3*t - 3. List the prime factors of a.
3, 487
Let v = 106 - -39. Suppose h + 2*t = -2*t + v, 2*t + 435 = 3*h. List the prime factors of h.
5, 29
Let p = -6 + 9. Let r = p - -1. What are the prime factors of r/(-2) - (-8 + -44)?
2, 5
List the prime factors of 1237 - (-1 - (-8)/(-28)*7).
2, 5, 31
Let q(f) = -f**2 + 2*f + 79. Let m be q(0). Suppose m = 6*u - 17. List the prime factors of u.
2
Let s(d) = -2*d + 12. Let w be s(17). Let v(x) = -5*x - 6. List the prime factors of v(w).
2, 13
Suppose 5*j - 185 = -c, 3*c - 174 = 5*j + 361. What are the prime factors of c?
2, 3, 5
Suppose 2*g + 14 = -0*b + 5*b, -4 = -2*b. Let m be 3/((0 + 1)*1). What are the prime factors of m*1 + (-106)/g?
2, 7
Let w = 1703 + 1222. List the prime factors of w.
3, 5, 13
Let c(a) be the first derivative of a**3/3 - 5*a**2 - 2*a + 3. Let d be c(11). List the prime factors of d/(-54) + (-343)/(-6).
3, 19
Suppose -4*p = -104 + 4. Let q be (-6 + 3 + 1)/2. Let k = p + q. What are the prime factors of k?
2, 3
Let l = 227 - 139. List the prime factors of (5 - 3)/2 + (l - -2).
7, 13
Let y be ((-32)/3)/((-28)/210). Let f be (-48)/y - 53/(-5). Suppose -5*h = -f, o - 66 = -6*h + 2*h. What are the prime factors of o?
2, 29
Suppose 4*s = 4*h - 1 - 7, -h - 5*s + 2 = 0. Suppose -3*z + 8 = -5*r - 13, h*z = 3*r + 13. What are the prime factors of z?
2
Let u(m) = -1 - 11*m + 0 + 3*m**2 + 1. Let k be u(10). Suppose -2*x = 4*b - 160, -b + k = 4*b + 5*x. List the prime factors of b.
2, 3, 7
Suppose 7*z = 22 - 8. What are the prime factors of 6370/28 - (-3)/z?
229
Suppose j - 14 = 23. Let y = j - -37. List the prime factors of y.
2, 37
Suppose -5 + 35 = -3*k. List the prime factors of k/(-8)*(8 - 4).
5
Suppose 6*n - 1295 + 149 = 0. What are the prime factors of n?
191
Let l = 177 - 94. Let j = l + -46. Suppose v = -4*s + 103, -32 = -2*s + 3*v + j. What are the prime factors of s?
3
Suppose 10*p - 95 = 5*p. Suppose -2*w - p = -73. Let c = w + -13. List the prime factors of c.
2, 7
Let a(r) = r**3 - 15*r**2 + 20*r + 38. What are the prime factors of a(16)?
2, 307
Let l = -1 + -2. Let o(m) be the third derivative of -m**4/6 + m**3/6 + 12*m**2. List the prime factors of o(l).
13
Suppose -4*k = 3*o + 151, k = -2*o - 0*k - 94. Let f = o - -95. Suppose 5*b - f = 5*q - 10*q, 5 = -q + 4*b. List the prime factors of q.
7
Let r(i) = 84*i - 127. What are the prime factors of r(8)?
5, 109
Let h be ((-183)/9)/((-2)/18). Suppose 5*l = -10, -3*k + h = 5*l - 347. What are the prime factors of k?
2, 3, 5
Let i = 30 - 37. Let a(y) = y**3 + 7*y**2 - 21*y - 10. List the prime factors of a(i).
137
Let j = -74 + 102. Suppose -4*z = g - 535, 2*z = -2*g + j + 232. What are the prime factors of z?
3, 5
Suppose 0 = -u + 3*u + 50. Let d(n) = 33*n - 142. Let w be d(7). Let l = w + u. List the prime factors of l.
2
Let u(k) = 9*k**2 - 22*k + 36. What are the prime factors of u(7)?
17, 19
Suppose 0 = -37*i + i + 11052. What are the prime factors of i?
307
Let i be 63 - ((-2)/5)/(6/60). Let z = i + 4. What are the prime factors of z?
71
Let j be ((-56)/32)/((6/(-2))/(-12)). List the prime factors of (-1 + j/(-3))/((-2)/(-123)).
2, 41
Let g(n) = n**3 - 46*n**2 - 71*n + 169. What are the prime factors of g(48)?
37
Suppose -4*f - 6 = -5*n - 1, 3*f = -2*n + 2. Suppose f = -2*i - 2*i + 496. What are the prime factors of i?
2, 31
Suppose -4*q = -4*y + 2*q + 14066, y = -5*q + 3510. What are the prime factors of y?
5, 19, 37
Suppose 19 + 1 = 5*h. Suppose -h*t + 215 = -361. What are the prime factors of t?
2, 3
Suppose 19*h - 9098 = -985. List the prime factors of h.
7, 61
Let h(i) = 11*i + 64. List the prime factors of h(22).
2, 3, 17
Suppose -5*i - 714 = 111. Let k = -99 - i. What are the prime factors of k?
2, 3, 11
Let a be -3 - 2/(-1) - -1. Suppose a = 4*l + 3*m - 11, 2*l + 0*m - 5 = -m. List the prime factors of 4/6*9/l.
3
What are the prime factors of (-1)/(-4) + 6369/12?
3, 59
Suppose -3*o - 3*n + 489 = -228, -o + 230 = 4*n. List the prime factors of o.
2, 11
Let q = 11 - 9. Suppose -q*o + 3*o + 2 = 0. List the prime factors of ((-3)/o)/(-3)*-90.
3, 5
Let z(v) = 265*v + 11. What are the prime factors of z(6)?
1601
Let i = 1714 + -1212. List the prime factors of i.
2, 251
Suppose q - 248 = 5*j, 2*q = -2*q + 2*j + 938. List the prime factors of q.
233
Let f(d) = 3*d**3 - 6*d**2 - 4*d + 54. What are the prime factors of f(10)?
2, 17, 71
Suppose 0 = -70*h + 13*h + 162564. List the prime factors of h.
2, 23, 31
Suppose 5*g - 121 = 1909. List the prime factors of g.
2, 7, 29
Suppose -8*y + 32301 = 4333. What are the prime factors of y?
2, 19, 23
Suppose 2*a = -12 - 6. Let z(u) = 3*u**3 + 11*u**2 - 5*u - 6. Let x(k) = k**3 + k**2 - k - 1. Let m(c) = -2*x(c) + z(c). What are the prime factors of m(a)?
23
List the prime factors of ((-40)/(-25))/2*(-5835)/(-6).
2, 389
Let q(y) = 5*y**2 - 3. Let r(z) = -2*z**2 + 1. Let m(p) = -4*q(p) - 11*r(p). List the prime factors of m(-5).
3, 17
Let s(m) = -2*m + 10. Let p be s(-11). Suppose p = 3*y + y. Suppose 0 = t - y - 9. What are the prime factors of t?
17
Let m(d) = -599*d. Let p be m(13). List the prime factors of (3/(-5) + p/(-195))*3.
2, 59
Let z(y) = -4*y**3 - 5*y**2 - 4*y + 26. What are the prime factors of z(-10)?
2, 1783
Let y be (-1)/((-15)/(-4) - 4). Suppose -6*k = -y*k. What are the prime factors of (k - 10)*84/(-24)?
5, 7
Let r(a) = 4*a - 8. Let x(m) = 7*m - 15. Let z(o) = -10*r(o) + 6*x(o). Let j be z(9). Suppose 2*b + j - 26 = 0. What are the prime factors of b?
3
Let g = 731 + -192. What are the prime factors of g?
7, 11
Let s(z) = -12*z + 170. What are the prime factors of s(-23)?
2, 223
Let x be (8/(-10))/(12/30). What are the prime factors of (x/(-18))/((-1)/(-6))*9?
2, 3
Let x = -1 + 3. Let g be -24*(x - 24/9). Let q(w) = w**3 - 17*w**2 + 16*w + 21. List the prime factors of q(g).
3, 7
Let k(q) = 11*q - 19. Let d be 27/6*(-6)/(-9). List the prime factors of k(d).
2, 7
What are the prime factors of ((-28)/(-6) + -4)/(-2)*-114?
2, 19
Let v be (-28)/4*(-1 + 6)*1. List the prime factors of (-2 + (-56)/v)/((-2)/1130).
2, 113
Let b(p) = 2*p**2 + p**2 - p**3 + 19 - 11*p**2 + 9*p + 3*p**2. List the prime factors of b(-7).
2, 3
Let b(p) = p + 12. Let a be b(-9). Let u(r) = r**2 - 5*r + 6. L